me factors of o.
2
Let c(d) = d**3 - 7*d**2 + 6*d + 6. Let t be c(6). Let q be t/4*16/6. Suppose -q*m = -3*s + 30, 5*m = -s + 9 + 20. List the prime factors of s.
2, 7
What are the prime factors of 35*1 + 7/((-14)/(-8))?
3, 13
Suppose -b = 4*b. Suppose b*p = 2*p - 34. What are the prime factors of p?
17
Suppose 0 = -w - w + 2. List the prime factors of 6 - w/(3/9).
3
Suppose -r = -5*r + 144. List the prime factors of r.
2, 3
Let i be 2/(-6)*-3*7. Let d(z) = z**3 - 6*z**2 - 4*z - 2. List the prime factors of d(i).
19
Suppose 0 = 4*a + b + 4*b - 57, -4*b = -20. What are the prime factors of a?
2
Suppose 0 = -4*m - 4*f + 24, 4*m + m = f + 18. Suppose -26 = -m*p + 30. What are the prime factors of p?
2, 7
Let d(i) be the third derivative of -i**8/20160 + 11*i**6/720 - i**5/30 - i**2. Let j(s) be the third derivative of d(s). What are the prime factors of j(0)?
11
Let r be (3 + 8)*(-2)/2. Let s = 21 + r. List the prime factors of s/(0 + 2) - 2.
3
Suppose 2*o + 10 = 7*o. Let y be 12/o*(-5)/(-15). Suppose 0 = 2*z + y*z - 36. List the prime factors of z.
3
Suppose -2*x = -16 - 0. Suppose x = 2*c + 22. Let s = 23 + c. List the prime factors of s.
2
Let b(x) = 2*x**2 + 2*x - 1. Let m be b(-3). Let i = m - -8. What are the prime factors of i?
19
Let m = -4 + 6. Suppose m*u + 0*u = 26. What are the prime factors of u?
13
Let u(k) = -25*k**3 - 1. What are the prime factors of u(-1)?
2, 3
Suppose -40 = 5*s - 100. List the prime factors of s.
2, 3
Let y be 40 + 0*(-3)/(-9). Let f = -24 + y. What are the prime factors of f?
2
Let h(t) = t**2 - 15*t + 16. Let z be h(13). What are the prime factors of ((-4)/z)/(1/30)?
2, 3
Let v(q) = -q**3 - q + 3. Let s be v(3). Let m = s - -49. What are the prime factors of m?
2, 11
Suppose 3*x = -l + 15, -16 - 9 = -3*l - 5*x. Suppose l = 5*k + 2*o - 41, -3*k + 4 + 2 = -5*o. List the prime factors of k.
7
Let r be 2/9 - (-34)/9. Suppose 2*g - 5*g + 12 = 0, 0 = r*l + g + 32. What are the prime factors of (-13)/(-5) + l/15?
2
Let i(l) = -4*l + 3*l**3 + 0*l**3 - 2*l**3 + 11*l - 6*l**2 - 2. Suppose -2*q + 0*q = 4*h - 30, 3*h = -5*q + 40. What are the prime factors of i(q)?
2
Let g(j) = -j**3 - j**2 + j + 2. Let d be g(-2). Suppose 18 = -d*l + 58. Suppose 3*h - l = 8. What are the prime factors of h?
2, 3
Let w = -4 + 1. Let t(p) = -p**3 - 2*p**2 + 2*p - 1. What are the prime factors of t(w)?
2
Let i = -9 - -5. Let b(z) = z**2 - 4. List the prime factors of b(i).
2, 3
Suppose 4*y - 2 - 14 = 0. Suppose -12 = -y*q + 8. What are the prime factors of q?
5
Suppose -6*c = -2*c - 4*v, 0 = 3*v - 6. Suppose 3*a = 3*r + 15, -2*r - c*r = -12. List the prime factors of a.
2
Let k(p) be the first derivative of 4*p**3 - p**2 - 3*p + 2. Let s be k(3). What are the prime factors of ((-1)/(-3))/(3/s)?
11
Let u(p) be the third derivative of 7*p**4/12 - p**3/6 + 3*p**2. Let s(o) = -7*o + 1. Let r(y) = 5*s(y) + 3*u(y). List the prime factors of r(2).
2
Let o = 3 + 3. What are the prime factors of o?
2, 3
Suppose -5*w + 0*w + 145 = 0. List the prime factors of w.
29
What are the prime factors of 2/(-2)*4/8*-362?
181
Let b(m) = m**2 + 9*m + 4. Let z be b(-9). Let t(i) = 3*i - 5. List the prime factors of t(z).
7
Let i(a) = -a**3 - 5*a**2 - a - 7. Let f be i(-5). Let x be f/(-3) - 3/(-9). List the prime factors of 3*x*30/18.
5
Let u = 0 + 21. List the prime factors of u.
3, 7
Let d = 7 + -9. Let y = d - -9. Suppose 3*i - y = -1. List the prime factors of i.
2
Let q = 0 + 3. Suppose c = v - 21, v = -q*v + 16. Let z = -2 - c. List the prime factors of z.
3, 5
Suppose -112 = -2*t - 0*t. Let n(p) = -39*p**2 + p. Let y be n(-1). Let m = y + t. List the prime factors of m.
2
Let g(k) = -k + 2 + 4 - 2 - 1. List the prime factors of g(0).
3
Let m = 14 - 9. What are the prime factors of 2/(6/315*m)?
3, 7
Suppose 2*z + 92 = -0*z. Let s = 91 + z. What are the prime factors of s?
3, 5
Let t be (-4)/12 + 38/6. Let q = -3 - -8. Suppose 4*g = 4*m - 8, -m + 2*g + t = q*g. List the prime factors of m.
3
Suppose -m = -5*m + 60. Let w be m/(-9) - 2/6. List the prime factors of 1 - (3 + w)/(-1).
2
Suppose 0*r - 100 = 4*r - 4*z, -r - 33 = -5*z. Let q = 37 + r. What are the prime factors of q?
2, 7
Let q(c) = c**2 + 7*c + 6. Let t be q(-6). Suppose t*l + 27 = 3*l. What are the prime factors of l?
3
Let f(b) be the first derivative of 3*b**2/2 + 1. Let n(v) = 11*v. Let s(j) = 9*f(j) - 2*n(j). What are the prime factors of s(1)?
5
Suppose 2*b + b = -33. Let o = b + 15. Let h = o - -12. What are the prime factors of h?
2
Suppose 4*s - 2*s - 4 = 0. Suppose 0 = 3*t + 5*r - 104, 0 = 2*t + 2*t + s*r - 120. Let v = t - 15. What are the prime factors of v?
13
Let b = 750 - 434. What are the prime factors of b?
2, 79
Let i = -16 - -18. Let a(w) = 16*w + 1. What are the prime factors of a(i)?
3, 11
Let w = 13 - 6. Let g = w + -2. List the prime factors of g.
5
Suppose -2*a - 4*l + 202 = 0, 4*a - 193 = l + 229. Suppose 0 = 4*f + x - 107, 3*f = -3*x - 27 + a. What are the prime factors of f?
3
Let v = -10 - -5. Let z(s) = s**3 + 6*s**2 + 6*s + 7. Let i be z(v). Suppose i*t = 5*t - 12. What are the prime factors of t?
2
Suppose -3*i - 11 = -4*j - 8*i, 0 = 4*j - 4*i - 20. What are the prime factors of j?
2
Let h be 7 - 1 - (-3)/(-1). Suppose 0 = -4*k + 2*d + 8, -2*d - h*d + 36 = 4*k. What are the prime factors of k?
2
Let v be ((-11)/(-4))/((-1)/4). Let s = v - -18. List the prime factors of s.
7
Let g(i) = i - 5. Let l be g(4). Let y be (-6)/(-3) - (0 - 19). List the prime factors of l/(-2) + y/6.
2
Let u = 7 + -5. Suppose -u*w - 78 = -4*w. What are the prime factors of w?
3, 13
Suppose 4*f + f - 295 = 0. List the prime factors of f.
59
Suppose -5*a = 5*g - 230, -5*g + 142 = -2*g + 5*a. List the prime factors of g.
2, 11
Suppose 5*u = 210 + 320. List the prime factors of u.
2, 53
Let r(x) = x**3 - 3*x**2 - 3*x + 6. Let o be r(4). Let u = o + 9. List the prime factors of u.
19
Let x be (-4)/((-16)/(-18))*-22. Let y = -49 + x. Suppose -4*o + y = -2*g, 5*o = -0*g - g + 45. List the prime factors of o.
2, 5
Let n be ((0 + 0)/2)/1. Suppose n = -4*r - 6 + 90. Suppose v + l = 1, -3*v + r + 0 = -3*l. What are the prime factors of v?
2
Let s(j) = -j**2 + 14*j - 3. Let t be s(6). Let i = t - 21. What are the prime factors of i?
2, 3
Suppose 0 = -5*r + 3*r - 6, 4*k = -3*r + 123. List the prime factors of k.
3, 11
Let a be ((-1 - -3) + -16)*1. Let r = a + 21. What are the prime factors of r?
7
Let h be (-6 + 19)*(1 + 0). Let c = 21 - h. What are the prime factors of c?
2
Let f(m) = -m**3 + 19*m**2 - 18*m + 9. Let o be f(18). Let l(k) = -8*k - 2*k + k**2 + 0*k + 13. List the prime factors of l(o).
2
What are the prime factors of -2 - (1132 - -3)/(-5)?
3, 5
Let v = 61 + 3. List the prime factors of v.
2
Let w be (-2)/(-3)*(-12)/2. What are the prime factors of (-50)/w - 3/(-6)?
13
Let y be (-9)/12 + 77/(-4). What are the prime factors of (-3)/4 - 395/y?
19
Suppose 3 - 1 = k. Suppose 6*i - 20 = k*i. Suppose 0 = -i*y - 2*g + 42, 9*y - 4*g - 66 = 4*y. List the prime factors of y.
2, 5
Suppose 19 = n - 33. What are the prime factors of n?
2, 13
Let v(h) = -5*h**3 + h**2 + 11*h + 2. Let f(d) = d**3 - d**2 - d. Let k(c) = 6*f(c) + v(c). What are the prime factors of k(4)?
2, 3
Let m = 148 - 98. List the prime factors of 2*m*(-1)/(-4).
5
Suppose -w + 4*w - 24 = 0. Suppose -w - 64 = -3*r. List the prime factors of r.
2, 3
Let d be (-6)/(-8)*-6*-14. List the prime factors of 14/d + 61/9.
7
Suppose -1881 - 2207 = -14*i. List the prime factors of i.
2, 73
Suppose r + 4*r = 95. List the prime factors of r.
19
Suppose 0 = 5*f + b + 1, 3*b - 2 = -2*f - 5. What are the prime factors of 12 + (-2 - f) + -1?
3
Let z(q) = q**3 + 6*q**2 + 3*q - 1. What are the prime factors of z(-3)?
17
Let j(i) = -i**3 - 17*i**2 + 3*i - 14. What are the prime factors of j(-18)?
2
Let p(r) = 2*r**2 + r - 1. Let z(v) = v**2 + v - 1. Let w(x) = 4*p(x) - 7*z(x). What are the prime factors of w(4)?
7
Suppose -2*k = -3*h + 2 + 3, -4*k + 14 = 2*h. Let u be (6 - (-2)/k) + -2. Let v = -1 + u. List the prime factors of v.
2
Let c(f) = -f - 10*f - 6 + 2*f. Let y be c(-6). List the prime factors of ((-2)/(-6))/(2/y).
2
Suppose -4*p + 5*p = -2. What are the prime factors of (p + 0)/(14/(-91))?
13
Let n(q) = -q**2 - q. Let u be n(-1). Suppose 5*z